w) = -w**3 - 27*w**2 - 41*w + 55. What is the tens digit of b(p)?
4
What is the units digit of (-483)/(-69)*237663/21?
1
Suppose 4*z = -3*k + 614, -787 = -5*k + k + z. Let g = k - 153. What is the tens digit of g?
4
Let i = 57094 + -39652. What is the units digit of i?
2
Suppose y - 8525 = -f, 83*y - 81*y + 10 = 0. What is the tens digit of f?
3
Let z be ((-18)/4)/((-17)/170). Let p be 4*3/18*z/6. Suppose 0 = p*j + 82 - 382. What is the units digit of j?
0
Let x(j) = -j**3 - 7*j**2 - 11*j + 12. Let u be x(-6). Let h = u - -58. What is the units digit of h?
0
Let k = 199 + -144. Suppose -426 = k*q - 56*q. What is the units digit of q?
6
Let c = 31629 + -16718. What is the tens digit of c?
1
Suppose 0*u - 5*u - 35 = -2*j, 3*u + 29 = 2*j. Let c = j - 7. Suppose -2*v + 5 = c*v. What is the units digit of v?
1
Let n = -166 + 223. Suppose -50*t + n*t = 4613. What is the units digit of t?
9
Let m = 33 + 7. Let a = m + -40. Suppose 5*c - 60 + 55 = a. What is the units digit of c?
1
Let p = -263 - -175. Let w = p - 141. Let b = -105 - w. What is the tens digit of b?
2
Let i be 3*(2/3 - (8 - 12)). Let k(x) = i + 2 + 9 + 46*x. What is the hundreds digit of k(5)?
2
Suppose -16*l + 7*l - 18 = 0, -2*m = 5*l - 91494. What is the ten thousands digit of m?
4
Let m be 84/(-18) + 6 + 3760/15. Let q = m + 1268. What is the thousands digit of q?
1
Suppose 382*n - 403*n = -169323. What is the hundreds digit of n?
0
Let k(y) = y**3 + 7*y**2 + 7*y + 3. Let p be k(-6). Let u be (-1 + 0)/((-8)/(-9800)*5). What is the tens digit of (u/p - -1) + 1/3?
8
Let w(t) = -2*t**3 + 4*t**2 - t + 22. Let c(m) = -3*m**3 + 7*m**2 - 3*m + 43. Let n(s) = 4*c(s) - 7*w(s). What is the tens digit of n(5)?
4
Let y(s) = -40*s - 17. Let d = 68 - 73. What is the hundreds digit of y(d)?
1
Suppose 0 = -5*h - 155 - 45. Let z be (5 - 9)*(-18)/h*-5. Suppose -8*p = -z*p + 33. What is the tens digit of p?
3
Suppose 716 = 5*t + 261. Let v = 440 - t. What is the units digit of v?
9
Let h(a) = -125*a + 30. Let f(u) = -3*u. Let s(y) = 10*f(y) - h(y). What is the thousands digit of s(13)?
1
Suppose 2*x - 5*x + 1710 = 0. Suppose 5*w + x - 150 = 0. What is the units digit of (-6780)/w - 2/(-7)?
1
Suppose 3*m = -76*n + 105*n - 636249, -2*n + 43860 = 3*m. What is the ten thousands digit of n?
2
Let h(o) = 213*o**2 + 14*o + 20. What is the thousands digit of h(-7)?
0
Let h = 52 - 33. Suppose -5 = 7*g - h. Suppose 325 = 5*a + 4*r, g*a + 5*r = -0*r + 113. What is the tens digit of a?
6
Let z = 407 + -404. Let s(r) = r + 1. Let q be s(4). Suppose 98 = f + z*f - n, -129 = -q*f - 2*n. What is the units digit of f?
5
Suppose -26*o = -29*o - 2*k + 63264, 5*o - 105506 = 4*k. What is the hundreds digit of o?
0
Let c(k) = -3*k**3 + 17*k + 20. Let w be c(-8). Suppose -4*i - 2*z + w = -2*i, i = -5*z + 718. What is the tens digit of i?
0
Let m(q) = -4*q - 66. Let n be m(-17). What is the hundreds digit of 2 + 371 + (n - 3 - 0)?
3
Let i = 101734 - 45163. What is the hundreds digit of i?
5
Let a = 77745 + -34930. What is the thousands digit of a?
2
Let o(y) = -y**3 - 47*y**2 - 50*y - 32. Let b be o(-46). Suppose b*n - 135*n = 1666. What is the units digit of n?
8
Let w(z) = -1 + 138*z**3 + 72419*z**2 - 72419*z**2 + 2*z. What is the hundreds digit of w(1)?
1
Suppose -9870 = -2*z - 7*f + 5*f, 9865 = 2*z + f. Suppose 20*g - z = 10*g. What is the tens digit of g?
9
Suppose 2*o + x = 168, 2*x + 153 = 3*o - 85. Suppose 1728 = o*m - 79*m. What is the hundreds digit of m?
5
Suppose 2*m - 7 = m, -2*m + 41481 = p. What is the tens digit of p?
6
Suppose -4*x = 4*j - x + 34, -j - 5*x = 0. Let c be (-39 - -4)*18/j. Let w = c - -155. What is the tens digit of w?
1
Let x = -826 - -250. Let b = -186 - x. Suppose -b - 54 = -2*m. What is the tens digit of m?
2
Let g = 79 - -48. Suppose 512 = 5*o + g. What is the tens digit of o?
7
Suppose -2*i - 3*v + 70 = 0, 38 - 156 = -3*i + 2*v. Let f = 38 - i. Suppose f = -4*k - 5*x + 79, 5*x + 57 = 2*k + 4*x. What is the tens digit of k?
2
Suppose -5*s + 145*l - 149*l + 160739 = 0, 2*s - 64293 = l. What is the units digit of s?
7
Suppose 3255 = -r + u + 8428, 0 = -3*r - 4*u + 15491. What is the hundreds digit of r?
1
What is the hundreds digit of ((-20 + 18)*(-18858)/36)/(1/9)?
4
Suppose 10*c = 35 - 215. Let r be (-12)/1*4/(-16) + c. What is the tens digit of (588/(-20) + 1)*r/6?
7
Let j(s) = -s**2 - 3*s + 5. Let n be j(-4). What is the hundreds digit of 2*n*(-63888)/(-96)?
3
Let d = 5849 + 1823. Suppose -15*t + d = -t. What is the tens digit of t?
4
Let c(u) = 12*u**2 + 4*u. Let l be c(-2). Let p = l - 39. What is the tens digit of ((-82)/(-12))/(p/6)?
4
Let d(n) = -8777*n - 159. What is the thousands digit of d(-1)?
8
Let f(r) = 3*r**2 + 17*r + 20. Let z be f(13). Suppose 0*l + z = 2*l - 4*d, -4*d = -3*l + 1120. Suppose 5*k - 2*k = l. What is the tens digit of k?
2
Let q be (2416/(-10))/((-10)/325). Suppose -6*b - q = -32*b. What is the tens digit of b?
0
Let y = -1411 + 2676. Let p = y + -702. What is the units digit of p?
3
Suppose -5*a + 3*l + 154 = 0, 0*a - 118 = -4*a + 5*l. Suppose 2*s + 47340 = a*s. What is the tens digit of s?
7
Suppose 35*d = p + 39*d - 5733, -4*p + 2*d + 22932 = 0. What is the units digit of p?
3
Let f(m) = 6*m**2 - 14. Let p(l) = -l**3 + 14*l**2 - 26*l + 19. Let g be p(12). Let w(y) = y + 2. Let d be w(g). What is the units digit of f(d)?
0
Let l be (-1 - -2)*7 - -1. Let t(h) be the first derivative of h**2/2 - 2*h + 24. What is the units digit of t(l)?
6
Suppose -23*v - 192 = -4148. Suppose -165*x - 3591 = -v*x. What is the hundreds digit of x?
5
What is the thousands digit of (-2772)/(-1078) + 1 + 33/(-21) - -64998?
5
Suppose 2*n = 9*n - 84. Let k be n - ((-2 - -1) + 4). Suppose -k*s + 693 + 954 = 0. What is the hundreds digit of s?
1
Let u(k) = -8*k**2 - 461*k - 453. What is the tens digit of u(-51)?
5
Suppose 3074034 = 175*f - 9298291. What is the ten thousands digit of f?
7
Let v = -567 + 1645. What is the units digit of v?
8
What is the units digit of -8*(170/(-204))/(2/1143)?
0
Let r(g) = 123*g**2 + 40*g + 122. What is the units digit of r(10)?
2
Let i(s) = -455*s - 4. Suppose 0 = 6*t - 14*t - 8. What is the hundreds digit of i(t)?
4
Suppose 4*i = 1081 + 467. Suppose 6627 = -3*k + i. What is the tens digit of (12/10)/((-39)/k)?
6
Let o(w) = -w**3 + 14*w**2 - 50*w - 262. What is the thousands digit of o(-17)?
9
Suppose 2*q + q + 4*o = -17, 5*q + 7 = 4*o. Let j be (-18)/21 - (-24012)/(-161). What is the units digit of q/(-1)*j/(-45)?
0
Let l be 304/12*(-9)/2. Let j = 121 + l. What is the units digit of j?
7
Let c = 46 + -10. What is the units digit of 213*(-6)/c*(2 + -4)?
1
Let q = 1308 + -595. Let w = -15 + q. What is the units digit of w?
8
Let b = -4561 + 17889. What is the ten thousands digit of b?
1
Suppose -j = w + 77, -3*j - 75 = 6*w - 5*w. Let l be (-26)/w + ((-332)/(-3))/1. Let q = l - 13. What is the units digit of q?
8
Let u be (-2)/4 - 15/(-10). Suppose -2*y - u = -13. What is the units digit of (2 - (-892)/(-8))/((-3)/y)?
9
Suppose 10*k = -3*k - 13*k + 355134. What is the ten thousands digit of k?
1
What is the tens digit of 12/15*(-3440)/(-3)*(59 - 38)?
6
Suppose 3*d + h = -h + 69357, 2*h = 5*h. What is the thousands digit of d?
3
Let p(n) = n**3 - 23*n**2 + 25*n - 17. Let r be p(22). Suppose -4*b + 2*b = -k + r, 0 = 4*k + 20. What is the units digit of (4 - 1) + b + 58?
4
Suppose 9 = 3*k, -3*x - k = 50 + 280. Let p = x + 326. What is the units digit of p?
5
What is the thousands digit of (6/27 + 0 + (-62888)/(-180))*5?
1
Suppose 6*q + 9950 = 464. What is the tens digit of q/(-3) + (-3)/(-3)?
2
What is the tens digit of 18/1 + 8082 + -124?
7
Let y(c) = -25*c**2 + 78*c + 8 - 34*c**2 + 73*c**2 + 20*c. What is the hundreds digit of y(-14)?
3
Let v = 175 - 308. Suppose 2*w + 155 = 57. Let f = w - v. What is the tens digit of f?
8
What is the thousands digit of 0 - -6654 - ((2 - 2) + 5)?
6
Let h = 2569 + 18870. What is the hundreds digit of h?
4
Let m(w) = -w**2 - 7*w + 54. Let v be m(5). What is the tens digit of -53*(-10 - v)/4?
5
Let x(q) = 4*q - 38. Let o be x(10). Suppose o*z = -3*m - 12, -3*z - 5 + 2 = -3*m. Let w(t) = -36*t + 2. What is the hundreds digit of w(z)?
1
What is the units digit of 3365*((-1344)/(-80))/21?
2
What is the thousands digit of